72 - -55073. Is c a composite number?
False
Is (7/(140/(-110)))/((-2)/356) prime?
False
Let r = 5 + -35. Let w be 3/2 + (-15)/r. Suppose 3*k - w*k - 123 = 0. Is k prime?
False
Let m(b) = b**3 - 2*b**2 + 8*b + 6. Let l(h) = h**2 + h. Let p(y) = -6*l(y) + m(y). Is p(13) a prime number?
True
Suppose -6 = 4*j + 2*p, 2*j + 2*p + 6 = -j. Suppose j = -o - 471 + 1636. Is o composite?
True
Suppose 4*k - 3*k - 9992 = -n, 3*k = -15. Is n composite?
True
Let h = 56305 + -40152. Is h a prime number?
False
Let n(j) = j**3 + 8*j**2 - 5*j - 17. Let p = 30 + -37. Is n(p) composite?
False
Let l(z) = -z**3 + 26*z**2 - 35*z - 19. Is l(24) a prime number?
True
Let i(y) = -437*y + 2. Let b be -4 + 1 + 0 - -8. Let u(f) = 218*f - 1. Let z(k) = b*u(k) + 2*i(k). Is z(2) composite?
False
Let h(f) = 1245*f + 157. Is h(10) a prime number?
False
Suppose -6*h + 240 = -h. Let k = h + 22. Suppose 2614 = 4*o - k. Is o prime?
False
Let x(b) = 106*b + 2 - 31*b + 2. Is x(5) prime?
True
Suppose 5*m + 61894 = 3*z + 10*m, -4*z + 82472 = -4*m. Is z a prime number?
False
Is 1 - (32/10)/(8/(-41920)) a prime number?
False
Let g(n) = 111*n**2 + 12*n + 7. Is g(8) prime?
True
Let u = 155 + 1850. Is u a prime number?
False
Suppose 0 = -5*h + 4*t + 3059, 4*h + 2*t = -0*t + 2442. Is h prime?
False
Let b(d) = 48*d**2 + 3*d + 2. Let q(f) = 5*f**3 - 2*f + 1. Let v be q(1). Let m be b(v). Suppose -42 = 4*h - m. Is h prime?
False
Suppose -11 - 19 = -6*q. Suppose -q*f = 347 - 2247. Let x = -157 + f. Is x a prime number?
True
Let x(b) = -2*b + 16. Let z be x(7). Let j be (5 - 7)/(z/(-3)). Suppose t = -j*c + 662, -c + t + 222 = -0*c. Is c a composite number?
True
Suppose 0 = 2*j + 4*w - w - 3731, 5*j + 3*w - 9305 = 0. Let b = -65 + j. Is b prime?
False
Let n(a) = -195*a**3 + 3*a**2 + 4*a - 7. Is n(-6) a composite number?
False
Let q(u) = 64*u**3 + 2*u**2 - 6*u + 3. Is q(2) a prime number?
False
Let h(w) = -w**2 + 15*w + 15. Let y be h(16). Let t(c) = -6*c - 2. Let l be t(y). Suppose 1378 = l*g + 5*a - 373, 2*g = 4*a + 882. Is g a prime number?
True
Suppose -3*x = -4*j + 2*x - 285, -5*x = 15. Is (-35055)/j + (-4)/10 composite?
False
Let s = -13 - -16. Is 7/(-1)*-11 - s composite?
True
Suppose 0 = -2*l - 31 - 13. Let r be 470/4 + (-33)/l. Suppose -790 - r = -3*y. Is y prime?
False
Let v be (6/(-4))/(3/(-6)). Suppose 0 = -3*y + l + 379, v*y = -y - 2*l + 512. Suppose -3*x = -4*x + y. Is x a prime number?
True
Suppose -94*x + 1371077 = -11*x. Is x composite?
False
Let p(i) = 316*i**2 + 1. Let u = -11 - -14. Suppose 0 = -3*r - u. Is p(r) composite?
False
Is 4/12 - 898700/(-57) a prime number?
True
Let r(o) = o**3 + 8*o**2 - 7*o + 81. Is r(38) prime?
True
Let p(f) = -f**2 - 16*f + 36. Let d be p(-18). Suppose -2*v + 7 = 3. Suppose -g - 2*r - v*r + 485 = d, 0 = -2*r - 6. Is g prime?
False
Let p(f) = -259*f + 10. Let w = -48 + 41. Is p(w) composite?
False
Let q(v) = -64*v + 5 - 15 - 3. Is q(-5) prime?
True
Suppose 4*r + 5*z + 3166 = 0, 4*z - 2436 = 3*r - 77. Let x = r + 1136. Is x composite?
False
Is (3/(-1))/(((-243)/152667)/9) a composite number?
False
Is (-1)/(-2) + 174300/56 a composite number?
True
Suppose 0 = 5*r + 2*w - 5489, -3800 - 1683 = -5*r - 4*w. Let s = -620 + r. Is s a prime number?
True
Let y be 1 - (42/(-3) + 4). Let v(t) = 29*t. Is v(y) a composite number?
True
Let p(w) = w**3 + 9*w**2 + 12*w + 7. Let f be p(-8). Let j = f + 94. Is j composite?
True
Let i = -67460 - -105145. Is i prime?
False
Let d = 14 - 14. Let n be 9 + d + (-2 - -1). Suppose 0 = 2*m - 0*m - n, -x + m + 643 = 0. Is x prime?
True
Let o(a) = 3*a**3 + a**2 - 2*a - 1. Let c be o(3). Is (0 + c)*(-6)/(-2) a prime number?
False
Is (2/12)/((-13)/7220694*-13) a prime number?
True
Suppose -3*h = 5*r - 59, 0 = 2*r - 0*h - h - 28. Let f(s) = 2*s**3 - 13*s**2 - 7*s - 11. Is f(r) a composite number?
True
Suppose 0 = 4*w + 5*l - 5097, -4*w + 5*l + 5407 = 360. Suppose 5*d + 4*z = 1626, 4*d - w = 4*z + z. Suppose q + d = 3*q. Is q a composite number?
True
Let n(j) = j**3 + 6*j**2 - 6*j + 14. Let s be n(-6). Suppose 3*h - s = 7*h - 5*b, h + 4*b + 23 = 0. Let v = 62 + h. Is v a prime number?
True
Suppose 0*x + 5*x - 2*p - 22 = 0, 0 = 3*p + 3. Let c(k) = 27*k - 2. Is c(x) prime?
False
Let r = 6464 - -15303. Is r prime?
True
Let b = 24 + -13. Let y = -12 + b. Is (y/(-2))/(1/478) a composite number?
False
Let w = -18 - -18. Suppose -2*f - 4963 = -4*p + p, 3*p - f - 4964 = w. Is p prime?
False
Is (-6)/15*12395/(-2) prime?
False
Suppose p = -11*p + 1416. Is p a composite number?
True
Let w(u) = -8*u**3 - 5*u**2 + 17*u + 31. Is w(-10) prime?
False
Let h(i) = i - 2. Let f be h(-2). Let t(g) = 2*g + 11. Let d be t(-5). Is 1588/f*(d - 2) composite?
False
Let n = -7 - -9. Is (n - 0) + 1393/7 a composite number?
True
Let v(b) = b**3 + 17*b**2 - b - 24. Let m be v(-17). Is m/21 + (-68)/(-6) a prime number?
True
Let y(w) = w**3 + 9*w**2 + w + 11. Let z be y(-9). Suppose i + 4 = z*i. Suppose i*o = -o + 2*n + 1053, n = -3*o + 634. Is o prime?
True
Is 2367 + (-6 - -6 - -4) + 0 composite?
False
Let u = 1448 + -775. Is u prime?
True
Suppose -55*f + 17*f + 475646 = 0. Is f composite?
False
Suppose 33*k - 152867 = 946. Is k a prime number?
False
Let x(f) = -f**2 + 9*f + 4. Let m be x(8). Let z(g) = 10*g + 7. Is z(m) a prime number?
True
Suppose -5*v - h + 23618 = 3*h, h = 5*v - 23608. Suppose -2*t - v = -8*t. Is t a composite number?
False
Let l(j) be the second derivative of 128*j**3/3 - j**2/2 - 3*j. Let a be l(1). Suppose -a = -3*c - 9. Is c a prime number?
False
Suppose 1 = -5*j - 4. Let q be ((-10)/(-4))/(j/(-18)). Suppose 841 - q = 4*t. Is t prime?
True
Suppose -h = -2*h + 3, -2*o + 2*h = 0. Suppose -5*t - 37 = o. Is ((-6)/(-9))/(t/(-636)) prime?
True
Let g(n) = -4*n + 16 + 3*n - 7. Let k be g(7). Suppose 6 = -3*u, -k*u + 9 = 5*p - 22. Is p composite?
False
Is (-6310)/(-4)*(-3 - (1 - 6)) a prime number?
False
Suppose 3*z - 1329 - 1032 = 0. Is z a prime number?
True
Let p(w) = 4*w + 27. Let h(y) = y + 7. Let v(c) = 22*h(c) - 6*p(c). Let n be v(-5). Suppose 340 = n*f + 4*u - 14, 5*f - 945 = 5*u. Is f composite?
True
Let h(k) = k**2 + k - 5. Let m be 15/10 + 5/2. Suppose -m*c - 18 = 10. Is h(c) prime?
True
Suppose -4*q - 4*v + v + 27 = 0, -2*q + 21 = 3*v. Let o(w) = -29*w**2 + w + 9. Let j be o(q). Is (-7)/(7/j) - -2 a prime number?
True
Let v = 1620 - 343. Is v prime?
True
Let h(r) = 14*r + 17. Let t be h(5). Let p = t + 10. Is p prime?
True
Let p(x) = -122*x - 9. Is p(-4) composite?
False
Is -13 - -9 - ((-24645)/3 + 2) composite?
False
Suppose 5*p + 4 = 9. Let d = 0 + p. Let f(i) = 22*i**2 - i. Is f(d) a composite number?
True
Is (1/3)/((-8)/(-183216)) - -5 a prime number?
True
Suppose -4*v + 12 = -8. Suppose v*c = 4*o + 11, 7 + 3 = 5*c - 5*o. Suppose 3*r - 4*r = -2*m - 87, -c*m = -3*r + 261. Is r a composite number?
True
Let t(y) = 20*y + 17. Let a(n) = -14*n - 13. Let z(g) = -41*g - 38. Let c(i) = -11*a(i) + 4*z(i). Let q(b) = 9*c(b) + 4*t(b). Is q(-10) a prime number?
False
Let h be (3/2)/(2/(-1604)). Let f = -218 - h. Is f a composite number?
True
Let i = 1 - -1. Suppose -6 = -m - i*m. Suppose -220 = -6*p + m*p. Is p a prime number?
False
Suppose -k = -2*k + 8886. Suppose q - k = -5*z, z = 5*q - 3*q + 1775. Is z prime?
True
Suppose 3*t + 13*t + 1744 = 0. Let q = 178 + t. Is q prime?
False
Let y be (-5)/(20/(-8)) - 0. Suppose y*p = 4*p - 598. Is p prime?
False
Let f be ((-10)/40)/(1/4). Let k = f + 4. Suppose k = x, 4*x = -p + 228 + 637. Is p composite?
False
Let n(a) = 2*a**2 + a - 11. Let t be n(-6). Suppose -3*h - t = -724. Is h a composite number?
False
Let r(c) = 4801*c + 791. Is r(8) prime?
True
Let z(k) be the third derivative of 0*k + 10*k**2 + 1/8*k**4 + 3/5*k**5 - 5/6*k**3 + 0. Is z(2) a composite number?
True
Suppose -2*f + 6 = 20. Let j(l) be the third derivative of l**5/12 + l**4/4 + 4*l**3/3 - 131*l**2. Is j(f) a prime number?
True
Suppose -6*u + 0*u = -28410. Is u prime?
False
Suppose -5*i + 33 = 4*s, -3*s + 4*i - 2*i = 4. Suppose -2 = s*m + 2. Is m/(-10) - (-7270)/25 composite?
True
Let j(m) = -m - 18. Let q be j(-13). Let c(y) = -y**3 - 5*y**2 - y - 3. Is c(q) composite?
False
Suppose 9 + 11 = 5*z. Let x be (1 - (-3 + z)) + 0. Suppose -2*k = -x*k - 86. Is k a prime number?
True
Let y = -654 - -349. Let k = y + 190. Let n = k - -264